tens digit of q - (-2)/(3 + -5)?
1
Let z(h) = 25*h**3 - 26*h**2 - 11. Let y(q) = 5*q**3 - 5*q**2 - 2. Let i(o) = 11*y(o) - 2*z(o). What is the tens digit of i(2)?
2
Let n be (2/8)/(1/4). Let y be -1 - 0 - n*-51. Suppose 5*g - y = -5*z, 3*z + 5 = 3*g + z. What is the units digit of g?
5
Suppose -3*w + 4 = -2*a - 3*a, 0 = -3*a + 12. What is the units digit of w?
8
Suppose 4*w - 2*u + 6 - 22 = 0, 0 = -2*w - 4*u + 8. Let h(l) = 6. Let q(n) = -n + 25. Let j(t) = 9*h(t) - 2*q(t). What is the tens digit of j(w)?
1
Let l = 47 + -33. What is the tens digit of l?
1
Let g(r) = -r**2 + 10*r - 9. Let f be g(9). What is the units digit of 21/3 - (-2 - f)?
9
Let m = 140 - 46. What is the tens digit of m?
9
Let s = -4 - -7. Let k(m) = -m**3 + 5*m**2 - 4*m + 1. What is the units digit of k(s)?
7
Let l(j) = -2*j**2 + 26*j + 1. What is the units digit of l(12)?
5
Let p(o) = -16*o + 72. What is the units digit of p(-22)?
4
Let l(w) = 2*w - 4. Let g be l(3). Suppose g*z = 5 + 5, -2*z = -2*c + 14. What is the tens digit of c?
1
Let u be 66/4 - 1/(-2). Let q = -9 + u. Let w = 13 - q. What is the units digit of w?
5
Suppose 0 = u - 18 + 5. What is the tens digit of u?
1
Let w(k) = 10*k**2 - 4*k - 1. Let t(f) = -31*f**2 + 13*f + 4. Let v(b) = 2*t(b) + 7*w(b). Suppose 3*r - 2 = 1. What is the units digit of v(r)?
7
Suppose k + 2*n - 105 = 4*n, 3*n = -3. What is the tens digit of k?
0
Suppose -4*r = -3*h + 27 + 5, 4*h = -4*r - 4. Suppose 8 = h*b - 0. What is the units digit of b?
2
Let z(c) be the third derivative of c**6/120 - c**5/10 - 5*c**4/24 - c**3/6 - c**2. What is the tens digit of z(7)?
1
Suppose -24 = -5*z - 3*w, 34 = 5*z - z - 5*w. Suppose 0*o = o + 2, -3*u - 5*o + 95 = 0. Suppose z*l - u = l. What is the units digit of l?
7
Suppose -61 = -3*j + 35. What is the units digit of j?
2
Let d be (-2)/(2*(-1)/2). Suppose d*z + 3*z = 20. Suppose 4*k + 2*a - 22 = 0, 0*k + z*a = -k + 2. What is the units digit of k?
6
Suppose -5*j - 22 = 3*p, p + 2*j + 0*j = -9. What is the units digit of (-3 - -4)/p + 17?
8
Let s be (5 - 3) + 26/2. Let p = s + -9. Suppose 4*o + p + 10 = 0, -4*l = 5*o + 16. What is the units digit of l?
1
Let f(s) = -s + 4. Let c be (-1 + (1 - 0))/(-2). Let m be f(c). Suppose -24 = -4*d - q, -4*d - q = m*q - 40. What is the units digit of d?
5
Let a be -4*3/(-6)*1. Suppose 0 = r - a*n - 21, -2*r - 3*n - n = -34. Suppose 59 = 5*h + r. What is the units digit of h?
8
Let v = 9 + -9. Suppose -x = -3*m + 19 + 38, 5*m + x - 87 = v. Suppose c + 6 - m = 0. What is the units digit of c?
2
Suppose 447 + 597 = 12*k. What is the units digit of k?
7
Suppose 3*b = -5*s + 685, 2*b - 137 = -s - b. What is the tens digit of s?
3
What is the units digit of 4/26 - 1812/(-52)?
5
Let c = -2 + 3. Suppose -c = 2*k - 3. What is the units digit of k?
1
Let r(j) be the third derivative of j**5/15 - 3*j**2. What is the units digit of r(-1)?
4
Let r(b) = 62*b - 80. What is the tens digit of r(7)?
5
Let m = 657 + -450. What is the tens digit of m?
0
Let l = 0 - 5. Let q(t) = t**3 + 14*t**2 + t + 12. Let d be q(-14). Let b = d - l. What is the units digit of b?
3
Suppose 28 = 5*d - 22. What is the tens digit of d?
1
Let w(b) = b**2 + 2*b + 8. What is the tens digit of w(-4)?
1
Let x = 326 + -64. What is the tens digit of x?
6
Let r be ((-20)/(-7))/((-9)/(-63)). Suppose -2*g + r = 4*a - 8, 0 = g - 5*a - 21. What is the units digit of g?
6
Let p be (-8)/(-44) - (-106)/22. Let z be ((-6)/p)/((-6)/(-30)). Let i(t) = -t**2 - 7*t + 3. What is the units digit of i(z)?
9
Suppose -4*t + o + 54 = 0, -3*o = 2 + 4. What is the tens digit of t?
1
Suppose 4*b - 15 = 2*y - 243, 0 = 5*y - b - 579. What is the units digit of y?
6
Suppose 0 = -4*s + 2*d + 6, s + 2*d = 4. Suppose -t - 3*q + 11 = -q, -2*q + 14 = s*t. Suppose t*k = -0 + 3. What is the units digit of k?
1
Suppose q + 2*m + 440 = 6*q, -339 = -4*q - m. What is the tens digit of q?
8
Suppose -3*c + 36 = -0*c. Suppose 2*d = -c + 48. What is the tens digit of d?
1
Suppose 0 = -5*q, -4*i = q + 2220 - 20. What is the tens digit of i/(-26) + 2/(-13)?
2
Let w(p) = -p**3 + 6*p**2 + 9*p - 5. Let k be w(7). Suppose -f = 3*v - k, 4 = -3*f + 5*v + 3. What is the units digit of f?
3
Suppose -2*i + 1 = -9. What is the units digit of i?
5
What is the tens digit of (45/(-12) - -3)*-24?
1
Let c = -22 + 42. Let p = 33 - c. What is the units digit of p?
3
Let y(q) = 5*q**2 - 5. Let u be y(-5). Let n = u + -85. Suppose -3*c = 4*j - 22, 5*j + 2*c + 4 = n. What is the units digit of j?
7
Let u = 6 - 1. What is the units digit of u?
5
Let w = 8 - -19. What is the tens digit of w?
2
Suppose -3*k + 6*k - 255 = 0. Let z = -56 + k. What is the units digit of z?
9
Let j = 5 + -2. Suppose -12 = -j*o, -2*o + 23 = 2*l + 3*l. What is the units digit of l?
3
Let v be (3/(-2))/(4/(-8)). Suppose -s + 6 = -3*l + 4*l, 2*l - v*s - 2 = 0. Suppose -12 = -2*f - l. What is the units digit of f?
4
Let k(l) = -17*l**3 - 4*l - 3. What is the tens digit of k(-1)?
1
Suppose 0 = -2*x + 314 - 62. What is the units digit of x?
6
What is the tens digit of 2/(-10) + (-256)/(-5) + 2?
5
Suppose 2*f - f = 5. Suppose -2*l + f*l - 6 = 0. Suppose 2*t + l*t - 24 = 0. What is the units digit of t?
6
Let v = -7 - -10. Suppose -v*w = -0*w - 12. What is the units digit of w?
4
Let s be (-3)/12 - (-1)/4. Suppose s = 4*a - 0*a. Suppose a = -3*p + 13 + 2. What is the units digit of p?
5
Suppose -5*o + 7*o = 64. Suppose 2*m - 3*y = -6*y + 50, m - o = 2*y. What is the units digit of m?
8
Let m = 2 + 6. Suppose m = -k + 14. What is the units digit of k?
6
Suppose x - 2*z + 2 = 4, 5*z = x - 8. Let i be 7*2*2/(-1). What is the units digit of ((-2)/(-4))/(x/i)?
7
Let w(g) = 48*g + 33. What is the tens digit of w(5)?
7
Let m = 50 + -31. Suppose l - 3*l + 34 = 4*j, -l - 3*j = -m. What is the tens digit of l?
1
What is the units digit of -13 - -256 - (0 - 0 - -3)?
0
Let y(i) be the first derivative of 5/3*i**3 + 2*i - 1/4*i**4 - 1 - i**2. What is the tens digit of y(4)?
1
Suppose -y - 1 = -3. Let f = y + -1. What is the units digit of (2 + 0 + -1)*f?
1
What is the units digit of -2 + 509/6 + (-2)/(-12)?
3
Suppose -6*p + 13*p - 539 = 0. What is the tens digit of p?
7
Let w = -5 - -5. Suppose w = 8*y - 13*y + 5. What is the units digit of y?
1
Suppose -20 = -q - 3*b - 2, -2*q + 4*b + 76 = 0. Let a be (-1)/((-1 - 1)/12). Suppose l + q = a*l. What is the units digit of l?
6
Let o(v) = -v**2 - 2*v + 2. Let m be o(-4). Let l = m + 7. What is the units digit of l?
1
Suppose -2*k + 3*h = -58, -k + 5*h = 2*k - 86. What is the units digit of k?
2
Let y(f) be the second derivative of -f**3/6 + 6*f**2 + f. Let h be y(7). What is the units digit of (-1)/h - (-155)/25?
6
Let z = 4 + -4. Suppose 5*b + 2 - 7 = z. What is the units digit of b?
1
Suppose -3 - 9 = -3*l. Let k = l - 2. Suppose 23 = 4*a + p + 3, 4*a - k*p - 20 = 0. What is the units digit of a?
5
Suppose 17*r + 295 = 22*r. What is the units digit of r?
9
What is the units digit of (-1)/(3 - 112/36)?
9
Let a(f) = f + 7. Let v be a(-5). Suppose -6*d = -4*d - v. What is the units digit of d?
1
Let m(r) = -r - 2. Let v(t) = -t - 4. Let n(c) = -5*m(c) + 2*v(c). Let k be n(3). Suppose -4*d = -1 - k. What is the units digit of d?
3
Let s = 136 + -76. What is the units digit of s?
0
Let q = 89 + -21. What is the tens digit of q?
6
Let d be (-4)/(-18) - (-32)/18. Suppose -d*z = -z - 27. What is the units digit of z?
7
Suppose -5*p = -0*p - 10. Let m = 18 - 8. Suppose -p*n = -0 - m. What is the units digit of n?
5
Let v(o) = 2*o - 6. Let k be v(4). Suppose 48 = 3*r + 2*b, 2*r - 9 - 13 = k*b. What is the units digit of r?
4
Let a be (-4)/22 + 266/11. Suppose l - 3*l + a = 0. What is the tens digit of l?
1
Let h(f) = -f + 14. Let j be h(6). Let x be 36/j*8/6. Let s = -4 + x. What is the units digit of s?
2
Suppose -2*n + 8 = -0. Suppose -5*f + 10 = -n*f. What is the units digit of f?
0
Suppose -38 = -m + 2*u, 99 = 5*m + 3*u - 143. What is the tens digit of m?
4
Let n(r) = r**2 + 2*r + 2. Let x be n(-3). Let b = 2 + x. What is the units digit of b?
7
Suppose u + 3*a = -0 - 1, -4*a = 4*u - 28. What is the tens digit of u?
1
Suppose -104 + 836 = 4*u. What is the hundreds digit of u?
1
Let r(p) = -p**3 - p**2 - 2*p + 156. Let d be r(0). Suppose 0 = 4*q - 8*q + d. What is the 